{"id":195,"date":"2011-04-06T13:13:00","date_gmt":"2011-04-06T12:13:00","guid":{"rendered":"http:\/\/arbeidenrijkdom.nl\/?page_id=195"},"modified":"2011-04-06T13:15:40","modified_gmt":"2011-04-06T12:15:40","slug":"arbeid-en-rijkdom-vi-2","status":"publish","type":"page","link":"https:\/\/arbeidenrijkdom.nl\/?page_id=195","title":{"rendered":"ARBEID en RIJKDOM II"},"content":{"rendered":"<p><!--[if gte mso 9]><xml>  <w:WordDocument>   <w:View>Normal<\/w:View>   <w:Zoom>0<\/w:Zoom>   <w:HyphenationZone>21<\/w:HyphenationZone>   <w:Compatibility>    <w:BreakWrappedTables\/>    <w:SnapToGridInCell\/>    <w:WrapTextWithPunct\/>    <w:UseAsianBreakRules\/>   <\/w:Compatibility>   <w:BrowserLevel>MicrosoftInternetExplorer4<\/w:BrowserLevel>  <\/w:WordDocument> <\/xml><![endif]--><!--[if gte mso 10]> \n\n<style>  \/* Style Definitions *\/  table.MsoNormalTable \t{mso-style-name:Standaardtabel; \tmso-tstyle-rowband-size:0; \tmso-tstyle-colband-size:0; \tmso-style-noshow:yes; \tmso-style-parent:\"\"; \tmso-padding-alt:0cm 5.4pt 0cm 5.4pt; \tmso-para-margin:0cm; \tmso-para-margin-bottom:.0001pt; \tmso-pagination:widow-orphan; \tfont-size:10.0pt; \tfont-family:\"Times New Roman\";} <\/style>\n\n <![endif]--><\/p>\n<p align=\"center\" style=\"text-align: center\" class=\"MsoNormal\"><strong>II.<\/strong><\/p>\n<p class=\"MsoNormal\"><strong>De productiviteit van de arbeid behoort toe aan de eigenaar van de productiemiddelen die de arbeid betaalt en laat verrichten. Door diens aanspraken is deze derhalve gedefinieerd. Daarbij gaat het niet om de banale omstandigheid dat mensen co\u00f6peratief en met geschikt gereedschap verreweg meer nuttige dingen vervaardigen dan ze voor zichzelf en het verlichten van hun werk verbruiken; volgens haar markteconomische bepaling bestaat de productiviteit veeleer daarin dat onder het commando van het kapitaal met zijn middelen, dus afhankelijk van zijn condities en calculaties, meer in geld gemeten ondernemingseigendom wordt geproduceerd dan arbeidsloon moet worden betaald.<\/strong><\/p>\n<p class=\"MsoNormal\"><strong>\u00a0Dienovereenkomstig geldt als arbeidsbesteding niet de bestede arbeid, dus tijd en inspanning van een mens, maar de aan het \u201claten werken\u201d bestede loonsom. Niet de graad van behoeftebevrediging meet de opbrengst van de arbeid, maar de verdienste uit de verkoop van de vervaardigde waren in verhouding tot de loonkosten. Als arbeidsprestatie geldt niet de verhouding tussen verrichte arbeid en product, maar de geproduceerde warenwaarde per betaalde loonsom. De arbeidsproductiviteit is dus geen technische grootheid, maar wordt rekenkundig bepaalt door het zakensucces.<\/strong><\/p>\n<p class=\"MsoNormal\"><strong>\u00a0Zo eigent het kapitaal zich de productiviteit van de arbeid als bron van zijn vermeerdering toe.<\/strong><\/p>\n<p align=\"center\" style=\"text-align: center\" class=\"MsoNormal\"><strong>1.<\/strong><\/p>\n<p class=\"MsoNormal\">Als arbeiders geregeld loon te kort komen, dan ligt dat allerminst daaraan dat hun werk niet meer voortbrengt dan wat ze absoluut nodig hebben en gewoonlijk verbruiken. De \u201cvolle etalages\u201d waar de markteconomie beroemd om is, tonen aanschouwelijk het tegendeel, vooral die winkels waarvan het luxe-aanbod nooit binnen het bereik van de loonafhankelijke mensheid geraakt; en dat alles is slechts een fractie van de overvloed aan nuttige goederen die de werkende leden van de maatschappij produceren. Geen wonder, want wanneer mensen verstand en lichaamskracht aanwenden en de arbeid doelmatig verdelen, dan brengen ze niet alleen hun levens- en productiemiddelen, maar ook nog enige technische vooruitgang tot stand; en wanneer ze op het inmiddels bereikte technische niveau te werk gaan, dan wordt de vervaardiging van zelfs de meest gecompliceerde producten minutenwerk. Zo gezien zou het tegenwoordig voor arbeiders geen enkel probleem vormen om zichzelf en allen die tijdelijk niet kunnen werken zonder grote moeite van ieder soort van gebruiksgoederen te voorzien \u2013 als het daarom zou gaan.<\/p>\n<p class=\"MsoNormal\">Dat deze aangelegenheid zo stelselmatig en zo fundamenteel anders afloopt, ligt aan de specifieke maatschappelijke eisen en geldende wetten die de loonarbeid nakomt. In de markteconomie is het namelijk zo dat het resultaat van de geleverde arbeid degenen die werken helemaal niets aangaat: het is volledig en zonder meer andermans eigendom; aan de arbeiders behoort niets daarvan toe. Het loon wordt weliswaar uit de verkoopopbrengst van de geproduceerde waar betaalt \u2013 waaruit ook anders \u2013 maar dat is een deal tussen de loonarbeider die geen van de producten in eigendom heeft en de eigenaar van wie de gehele opbrengst is.<\/p>\n<p class=\"MsoNormal\">Dit komt omdat loonarbeiders \u2013 als ze \u00fcberhaupt werk hebben \u2013 al niet meer voor zichzelf werken. Ze kunnen immers uitsluitend actief zijn als een werkgever hen binnenlaat in zijn bedrijf; wat ze daar doen is in elk opzicht de zaak van de ondernemer en komt hem ten goede \u2013 juist daarvoor betaalt hij loon. In de praktijk blijft het er uiteraard bij dat de arbeiders hun arbeidskracht en levenstijd inbrengen in het productieproces \u2013 dingen die helemaal niet van hen afscheidbaar zijn zoals een stuk eigendom waarover de eigenaar vrij kan disponeren; wat er in het kapitalistische bedrijf plaatsvindt, is in ieder geval <em>hun werkzaamheid<\/em>, hoe strikt die ook onder het commando van de ondernemer staat. Desondanks wordt zelfs daarop de categorie eigendom toegepast; en onder het aspect van eigendom is de arbeid waarvoor ze worden betaald nu eenmaal niet meer hun arbeid. Ze geven hun werkzaamheid, die fysiek natuurlijk van hen is en blijft, als een verkocht eigendom uit handen. Dit is een belangrijk punt omdat daardoor beslist is over het eigendom dat de arbeid voortbrengt: daar de arbeid al niet meer aan degenen toebehoort die verstand, kracht en tijd besteden om bruikbare dingen te produceren, is de waarde van de gefabriceerde dingen, het in geld gekwantificeerde eigendom, ook niet aan hen toe te schrijven die de materi\u00eble inspanning hebben gedaan, maar aan degenen die daarover als element van hun productieproces beschikken. 7)<\/p>\n<p class=\"MsoNormal\">De arbeid is en blijft dus productief omdat mensen met geschikt gereedschap doelmatig co\u00f6pereren. Dat is ook in het kapitalisme niet anders. De productiviteit van de arbeid is daar echter gesubsumeerd onder de kosten- en batenberekening van het kapitalistische eigendom. En deze berekening is economisch bepalend.<\/p>\n<p align=\"center\" style=\"text-align: center\" class=\"MsoNormal\"><strong>2.<\/strong><\/p>\n<p class=\"MsoNormal\">Als kapitalistische ondernemingen hun eigendom vermeerderen, gebruiken ze de productiviteit van de arbeid \u2013 echter zo dat ze uitsluitend dat als productieve prestatie registreren wat bevorderlijk is voor hun eigendom. En deze prestatie schrijven ze zich toe: hun ingezet kapitaal \u2013 niet zozeer ideologisch (op dit gebied zingt menig ondernemingsleider met management-training graag een loflied op de creativiteit van de \u201cmedewerkers\u201d), maar veeleer zeer re\u00ebel: wat de <em>productiviteit van de arbeid <\/em>voortbrengt, <em>realiseert <\/em>zich in de <em>balans van het kapitaal<\/em>.<\/p>\n<p class=\"MsoNormal\">Op deze balans is onder der rubriek \u201ckosten\u201d niets terug te vinden van de moeite die het de werkenden kost om prestaties te leveren. Inspanningen in de bepalende markteconomische betekenis zijn uitsluitend die van de onderneming: financi\u00eble inspanningen die ze zich moet veroorloven opdat er geproduceerd wordt. Daarbij gaat het om twee grote uitgavenposten.<\/p>\n<p class=\"MsoNormal\">De ene betreft \u201cde arbeidsplaatsen\u201d: de uitrusting van het bedrijf met machinerie, bovendien de aanschaffing van grondstoffen, energie en al het andere dat nodig is om het product te vervaardigen en te verkopen. Het aangeschafte in zijn materi\u00eble hoedanigheid gaat op in het productieproces, wordt opgeteerd, versleten en getransformeerd, op allerlei manieren productief geconsumeerd. Echter uitgerekend die \u201ceigenschap\u201d waarmee de productiemiddelen op de bedrijfsbalans genoteerd staan, hun door de aanschaffingsprijs becijferde waarde, gaat helemaal niet te gronde, maar duikt weer op in de gecalculeerde prijs van de geproduceerde waren. De ondernemer moet de prijs weliswaar eerst realiseren om het voorgeschoten geld weer in handen te hebben, maar van zijn eigendom geeft hij voor het productieproces en het verloop ervan helemaal niets weg.<\/p>\n<p class=\"MsoNormal\">Met zijn andere bedrijfskosten, de lonen, helpt hij voor eigen rekening zijn werknemers aan eigendom; en als het hem gelegen komt, vindt hij in alle ernst dat zijn enorme generositeit veel te weinig dank oogst. In ieder geval komt hij zo in het bezit van de arbeidskracht van zijn personeel zodat hij over de productieve inzet ervan vrij kan beslissen. De loonbetaling fungeert daarbij als dwangmiddel. Betaald wordt de vergoeding voor beschikbare arbeidskrachten namelijk heel toepasselijk als <em>prijs van de arbeid<\/em> voor gewerkte arbeidsuren of, nog dichter geori\u00ebnteerd aan de doelstelling van de betaling, afhankelijk van gestelde tijdsnormen voor bepaalde verrichtingen of het uitvoeren van gehele productiestappen. Deze manier van loonbetaling ligt ten grondslag aan de uitentreuren uitgesponnen ideologische schijn dat de arbeiders rechtvaardig en heel nauwkeurig het \u201caandeel\u201d betaald zouden krijgen dat hun arbeid bijdraagt aan het product oftewel aan zijn waarde \u2013 voor de kapitalistische calculatie toch al beide hetzelfde; <em>de waarde van de arbeid<\/em> zou dus worden betaald. Was dat de waarheid dan zou het slecht gesteld zijn met de kapitalistische balansen: wat bleef er voor\u00a0 de eigenaar nog over als de arbeid betaald zou worden met het eigendom dat hij produceert?! En als het niet het volledige nieuw geproduceerde eigendom zou zijn: hoe zou de arbeid als het ene \u201caandeel\u201d af te grenzen zijn van het andere \u201caandeel\u201d, namelijk het feit dat de productiemiddelen aan de ondernemer toebehoren?! Op basis van dergelijke berekeningen zou geen enkele kapitalist ooit een bedrijf begonnen zijn. 8 ] De kunstgreep het loon afhankelijk van de hoeveelheid geleverde arbeid \u2013 dus principieel gekoppeld aan tijd inclusief prestatiefactoren \u2013 vast te stellen en te betalen, volbrengt daadwerkelijk het tegendeel van een zuivere verdeling van moeite en opbrengst tussen werknemer en werkgever. Door deze kunstgreep oefent de loonbetaling een voortdurende dwang uit op de werkende mensen om te voldoen aan de eisen die het bedrijf volkomen eenzijdig en geheel volgens de bedrijfscalculatie aan hen stelt. Doordat het kapitaal met zijn loonbetaling de prijs van de arbeid \u201cbetaalt\u201d, dringt het de mensen namelijk het belang op om uur na uur en met de ge\u00ebiste prestatie deze prijs te verdienen. Het verwijdert zodoende de belemmering voor de toe-eigening van de arbeid, namelijk het feit dat het daarbij om de werkzaamheid van vreemde personen met een eigen wil gaat die het zich wil toe-eigenen, en zorgt ervoor dat de arbeiders zich helemaal vanzelf aan <em>zijn <\/em>prestatie-eisen omtrent tijdsduur en intensiteit van de arbeid onderwerpen; ook flexibiliteit, nachtarbeid en continu ploegendienst, zelfs de aanvaarding van ongezonde werkomstandigheden zijn zo probleemloos te eisen. Op deze door en door humane, want chanterend op de wil van haar arbeiders inwerkende wijze maakt de kapitalistische onderneming zich meester van de productiviteit van de arbeid, van het eerste arbeidsuur tot de laatste voor het bedrijf nuttige inspanning.<\/p>\n<p class=\"MsoNormal\">Het gefabriceerde product staat genoteerd onder de rubriek \u201cbaten\u201d op de balans van de onderneming: als pure waardesom. Deze abstractie is niet onpraktisch \u2013 wat ze was als het om de bijdrage tot de maatschappelijke behoeftebevrediging zou gaan \u2013 maar ze vat sluitend en definitief samen wat enkel en alleen als arbeidsprestatie telt en veroorlooft het vergelijk met de rubriek \u201ckosten\u201d, waar alles om draait. Het vergelijk toont aan of een onderneming \u201cgeld gemaakt\u201d heeft \u2013 wat niet slechts een uitdrukking uit de omgangstaat voor zakensucces is, maar de aangelegenheid precies kenmerkt: het product waar het op aankomt, is de in geld becijferde opbrengst in verhouding tot de uitgaven. Men hoeft de producten van een onderneming niet te kennen om op te hoogte te zijn van een onderneming; alles economisch essenti\u00eble blijkt uit zo veelzeggende \u201cproductiecijfers\u201d als \u201comzet\u201d en \u201cwinst\u201d.<\/p>\n<p class=\"MsoNormal\">De productiviteit van de arbeid heeft daarmee een exact gedefinieerde <em>inhoud<\/em>; en die is tevens het <em>criterium<\/em> om te bepalen of de arbeid <em>\u00fcberhaupt<\/em> productief was of, ongeacht de goederen die hij heeft vervaardigd, <em>onproductief <\/em>is gebleven. De kapitalistische berekening negeert niet alleen de werkelijke arbeidsinspanning; ze beoordeelt ook zeer kritisch het materi\u00eble resultaat en laat het slechts gelden als en voor zover ze van het ene cijfer voor \u201cuitgaven\u201d tot het andere voor \u201contvangsten\u201d een groei kan constateren. De arbeid bewijst zijn productiviteit \u00f3f als bron van winst \u00f3f hij is \u00fcberhaupt niets waard.<\/p>\n<p class=\"MsoNormal\">Daarbij is het helemaal niet zo dat de arbeid met al zijn productiviteit het onvoorwaardelijk en compromisloos ge\u00ebiste resultaat zou kunnen waarborgen. Hij vermag niet meer voort te brengen dan een product dat, was het zo gepland, een nuttige bijdrage aan de voorziening van de maatschappij kon leveren. Of het product ook een waarde heeft die de onderneming verrijkt, is een volkomen andere kwestie; daarover wordt buiten de arbeidswereld beslist: op de markt waar het niet om nuttige productie maar om geld verdienen gaat. De transformatie van de vervaardigde waren in geld is door de arbeid niet te bewerkstelligen en ook helemaal niet zijn zaak, daar de waren reeds het eigendom van de onderneming zijn en te gelde moeten worden gemaakt. Des te harder zijn de gevolgen van het oordeel van de markt voor de arbeid: de kapitalistische onderneming doet er alles aan om de productie waar ze over beschikt tot gegarandeerd effectief middel voor haar zakensucces te maken. Met de toe-eigening van de productiviteit van de arbeid door het eigendom begint pas de carri\u00e8re van de arbeid van <em>bron <\/em>tot <em>middel<\/em> van al de kapitalistische rijkdom.<\/p>\n<p align=\"center\" style=\"text-align: center\" class=\"MsoNormal\">*<\/p>\n<p class=\"MsoNormal\">7)<\/p>\n<p class=\"MsoNormal\">Waar het op aankomt bij deze werkelijk eigenaardige dubbel-natuur van de arbeid \u2013 de productieve werkzaamheid van de betaalde mensen en het aan de onderneming toebehorende proces van waardevorming \u2013 dat is voor de berokkenen trouwens in de praktijk \u00fcberhaupt geen geheim: elke arbeider kent zijn werk als \u201cjob\u201d waar hem uiteindelijk verder niets mee verbindt dan de beslissing van het bedrijf hem juist deze arbeidsplaats toe te wijzen en die zo in te richten als de kosten- en batenberekening van de onderneming vereist; het toekomstgerichte managementidee de arbeiders te betrekken bij de inrichting van \u201chun\u201d arbeidsplaats draait deze verhouding niet om, maar reageert berekenend op haar onmiskenbare eenzijdigheid. Ook jarenlange gewenning voorkomt niet dat men in de loop van een \u201cbedrijfsmodernisering\u201d afscheid moet nemen van werkgewoontes. Dat het om abstracte arbeid voor vreemd eigendom gaat, blijkt in de kapitalistisch gestylde arbeidswereld zeer concreet \u2013 ook als sommigen niet willen beseffen wat ze aan den lijve ondervinden en hardnekkig op hun recht insisteren hun functie als aanhangsel van het kapitaal als habitat te beschouwen dat hen toekomt.<\/p>\n<p class=\"MsoNormal\">8)<\/p>\n<p class=\"MsoNormal\">In feite is de prijs van de arbeid, zoals trouwens iedereen weet en zowel uit alle CAO-conflicten als uit elke eis tot conjuncturele loonsverlagingen kan concluderen, een zaak van onderhandelingen, dus een machtskwestie; ook de door de vakbonden graag voorgeschotelde berekeningen dat de arbeid weer eens productiever is geworden, zijn slechts zo veel waard als de daadwerkelijke druk op de werkgevers die de werknemers tot stand brengen \u2013 en die nooit erg indrukwekkend uitvalt als dergelijke berekeningen hem moeten legitimeren.<\/p>\n<p class=\"MsoNormal\">De burgerlijke economische wetenschap heeft weliswaar ook nog nooit afgeleid welke prijs de arbeid waard zou zijn; de ideologie dat het loon precies dat betaalt wat de arbeid \u2013 anders dan de andere \u201cproductiefactor\u201d, het kapitaal \u2013 aan de productwaarde heeft bijgedragen, verkondigt ze echter des te onbevangener en beroept zich daarbij met de deze wetenschap kenmerkende ontwapenende dialectiek op het resultaat: daaraan wat de loonarbeiders <em>van<\/em> de totale opbrengst van de onderneming krijgen en wat de ondernemers voor zichzelf houden, <em>ziet men toch<\/em> wat de een en de ander heeft <em>bijgedragen<\/em> \u2013 bewijs: anders hadden ze het toch niet ontvangen. Opmerkelijk aan deze \u201ctheorie\u201d van de \u201cfactorkosten\u201d, het loon en de winst, is trouwens de zo vanzelfsprekende interpretatie van \u201carbeid\u201d en \u201ckapitaal\u201d als \u201cproductiefactoren\u201d. Van de particuliere macht van het geld over de arbeid wil deze wetenschap van het eerste tot het laatste woord niets weten; de kapitalistische onderneming kent ze uitsluitend als neutrale instantie, als organisator van de productie die de twee \u201cfactoren\u201d zinvol combineert, productief laat zijn en rechtvaardig betaalt. Maar juist zo drukt zelfs deze gevestigde ideologie nog het kapitalistische feit uit dat de arbeid ge\u00efncorporeerd is in de onderneming als aan haar toebehorend \u201cfactor\u201d, als beschikbaar middel ondergeschikt aan haar productieve doelstellingen. Zo zeer deze zienswijze abstraheert van het kapitalistische eigendom en zijn heerschappij, zo vanzelfsprekend reproduceert ze theoretisch het standpunt van de ondernemer dat de arbeid, zodra die in zijn bedrijf wordt verricht, aan hem toebehoort.<\/p>\n<p class=\"MsoNormal\">Op de werkelijke, namelijk in de praktijk geldende kapitalistische berekening die arbeid en kapitaal tegenover elkaar stelt en als verwisselbare grootheden behandelt, gaat het volgende hoofdstuk in.<\/p>\n<p class=\"MsoNormal\">\u00a9 Gegenstandpunkt Verlag, M\u00fcnchen<\/p>\n<p class=\"MsoNormal\">\n<p class=\"MsoNormal\"><strong>\u00a0\u00a0 <\/strong><\/p>\n","protected":false},"excerpt":{"rendered":"<p>II. De productiviteit van de arbeid behoort toe aan de eigenaar van de productiemiddelen die de arbeid betaalt en laat verrichten. Door diens aanspraken is deze derhalve gedefinieerd. Daarbij gaat het niet om de banale omstandigheid dat mensen co\u00f6peratief en met geschikt gereedschap verreweg meer nuttige dingen vervaardigen dan ze voor zichzelf en het verlichten [&hellip;]<\/p>\n","protected":false},"author":1,"featured_media":0,"parent":0,"menu_order":0,"comment_status":"open","ping_status":"open","template":"","meta":{"footnotes":""},"class_list":["post-195","page","type-page","status-publish","hentry"],"_links":{"self":[{"href":"https:\/\/arbeidenrijkdom.nl\/index.php?rest_route=\/wp\/v2\/pages\/195","targetHints":{"allow":["GET"]}}],"collection":[{"href":"https:\/\/arbeidenrijkdom.nl\/index.php?rest_route=\/wp\/v2\/pages"}],"about":[{"href":"https:\/\/arbeidenrijkdom.nl\/index.php?rest_route=\/wp\/v2\/types\/page"}],"author":[{"embeddable":true,"href":"https:\/\/arbeidenrijkdom.nl\/index.php?rest_route=\/wp\/v2\/users\/1"}],"replies":[{"embeddable":true,"href":"https:\/\/arbeidenrijkdom.nl\/index.php?rest_route=%2Fwp%2Fv2%2Fcomments&post=195"}],"version-history":[{"count":0,"href":"https:\/\/arbeidenrijkdom.nl\/index.php?rest_route=\/wp\/v2\/pages\/195\/revisions"}],"wp:attachment":[{"href":"https:\/\/arbeidenrijkdom.nl\/index.php?rest_route=%2Fwp%2Fv2%2Fmedia&parent=195"}],"curies":[{"name":"wp","href":"https:\/\/api.w.org\/{rel}","templated":true}]}}